{"id":64,"date":"2012-11-08T07:36:43","date_gmt":"2012-11-08T06:36:43","guid":{"rendered":"http:\/\/360vista.fr\/wp3\/?page_id=64"},"modified":"2026-05-07T23:00:10","modified_gmt":"2026-05-07T21:00:10","slug":"visite-virtuelle","status":"publish","type":"page","link":"https:\/\/360vista.fr\/wp3\/visite-virtuelle\/","title":{"rendered":"Visites Virtuelles"},"content":{"rendered":"\n\n<center><\/center><center>A vous de cliquer sur les POI afin de d\u00e9couvrir quelques visites virtuelles.<\/center>\n<p>A ce propos, qu&rsquo;est-ce qu&rsquo;une visite virtuelle?<br \/>Voyons ce que dit Wiki:<\/p>\n<p><em>La <strong>visite virtuelle<\/strong> permet de simuler la visite d&rsquo;un site, souvent \u00e0 360 degr\u00e9s. L&rsquo;image repr\u00e9sentant le site visit\u00e9 \u00e9volue dynamiquement, en interaction avec la demande de l&rsquo;utilisateur. Cette technique permet la visite de mus\u00e9es, de sites touristiques, de b\u00e2timents, parfois de villes enti\u00e8res, ainsi que de biens immobiliers en vente ou en location sur internet.<\/em><\/p>\n<p><em>Il peut s\u2019agir\u00a0:<\/em><\/p>\n<ul>\n<li><em>d\u2019une s\u00e9rie de photos\u00a0;<\/em><\/li>\n<li><em>d&rsquo;une s\u00e9rie de vues <a title=\"Panorama\" href=\"http:\/\/fr.wikipedia.org\/wiki\/Panorama\">panoramiques<\/a> \u00e0 360\u00b0\u00a0;<\/em><\/li>\n<li><em>de <a title=\"3d interactive\" href=\"http:\/\/fr.wikipedia.org\/wiki\/3d_interactive\">3d interactive<\/a>.<\/em><\/li>\n<\/ul>\n<p><em>Les versions les plus \u00e9volu\u00e9es int\u00e8grent diff\u00e9rents points de vue, reli\u00e9s les uns par rapport aux autres par des \u00ab\u00a0hot-spots\u00a0\u00bb (des points chauds) comme le propose <a title=\"Google Street View\" href=\"http:\/\/fr.wikipedia.org\/wiki\/Google_Street_View\">Google Street View<\/a>. Ainsi, le spectateur a l&rsquo;impression de se d\u00e9placer d&rsquo;une image \u00e0 l&rsquo;autre. Certaines repr\u00e9sentations int\u00e8grent \u00e9galement des sons, qui peuvent \u00eatre omnidirectionnels (des sons d&rsquo;ambiance), ou directionnel. Dans ce dernier cas, le son est fonction de la zone de l&rsquo;image affich\u00e9e, et l&rsquo;usage st\u00e9r\u00e9o agrandit l&rsquo;impression d&rsquo;immersion.<\/em><\/p>\n<p><span style=\"color: #000080;\">source: <a href=\"http:\/\/fr.wikipedia.org\/wiki\/Visite_virtuelle\" target=\"_blank\" rel=\"noopener\"><span style=\"color: #000080;\">Wikipedia<\/span><\/a><\/span><\/p>\n<p>Je r\u00e9alise des visites virtuelles de magasins, h\u00f4tels, chambres d&rsquo;h\u00f4tes, restaurants, etc&#8230;<br \/>N&rsquo;h\u00e9sitez pas \u00e0 prendre contact afin que je puisse vous proposer une solution.<\/p>\n<h3>D\u00e9couvrez nos visites virtuelles par r\u00e9gion<\/h3>\n<div style=\"display: grid; grid-template-columns: repeat(3, 1fr); gap: 15px; margin-top: 15px;\">\n\n<a href=\"https:\/\/360vista.fr\/wp3\/visite-virtuelle\/afrique-moyen-orient\/\" style=\"text-decoration:none; position:relative; display:block; border-radius:8px; overflow:hidden;\">\n<img decoding=\"async\" src=\"https:\/\/360vista.fr\/amo\/CPT\/cpt_banner.jpg\" style=\"width:100%; height:180px; object-fit:cover;\">\n<div style=\"position:absolute; bottom:0; left:0; right:0; background:rgba(0,0,0,0.5); color:white; padding:10px; text-align:center; font-weight:bold;\">&#x1f30d; Afrique &#038; Moyen-Orient<\/div>\n<\/a>\n\n<a href=\"https:\/\/360vista.fr\/wp3\/visite-virtuelle\/ameriques\/\" style=\"text-decoration:none; position:relative; display:block; border-radius:8px; overflow:hidden;\">\n<img decoding=\"async\" src=\"https:\/\/www.360vista.fr\/ame\/iad\/iad_banner.jpg\" style=\"width:100%; height:180px; object-fit:cover;\">\n<div style=\"position:absolute; bottom:0; left:0; right:0; background:rgba(0,0,0,0.5); color:white; padding:10px; text-align:center; font-weight:bold;\">&#x1f30e; Am\u00e9riques<\/div>\n<\/a>\n\n<a href=\"https:\/\/360vista.fr\/wp3\/visite-virtuelle\/asie\/\" style=\"text-decoration:none; position:relative; display:block; border-radius:8px; overflow:hidden;\">\n<img decoding=\"async\" src=\"https:\/\/360vista.fr\/asie\/jp\/jigokudani_banner.jpg\" style=\"width:100%; height:180px; object-fit:cover;\">\n<div style=\"position:absolute; bottom:0; left:0; right:0; background:rgba(0,0,0,0.5); color:white; padding:10px; text-align:center; font-weight:bold;\">&#x1f30f; Asie<\/div>\n<\/a>\n\n<a href=\"https:\/\/360vista.fr\/wp3\/visite-virtuelle\/europe\/\" style=\"text-decoration:none; position:relative; display:block; border-radius:8px; overflow:hidden;\">\n<img decoding=\"async\" src=\"https:\/\/360vista.fr\/eur\/jaca_banner.jpg\" style=\"width:100%; height:180px; object-fit:cover;\">\n<div style=\"position:absolute; bottom:0; left:0; right:0; background:rgba(0,0,0,0.5); color:white; padding:10px; text-align:center; font-weight:bold;\">&#x1f3f0; Europe<\/div>\n<\/a>\n\n<a href=\"https:\/\/360vista.fr\/wp3\/visite-virtuelle\/france-angers\/\" style=\"text-decoration:none; position:relative; display:block; border-radius:8px; overflow:hidden;\">\n<img decoding=\"async\" src=\"https:\/\/360vista.fr\/fra\/chapelle_banner.jpg\" style=\"width:100%; height:180px; object-fit:cover;\">\n<div style=\"position:absolute; bottom:0; left:0; right:0; background:rgba(0,0,0,0.5); color:white; padding:10px; text-align:center; font-weight:bold;\">&#x1f5fc; France &#038; Angers<\/div>\n<\/a>\n\n<a href=\"https:\/\/360vista.fr\/wp3\/visite-virtuelle\/pano_drone\/\" style=\"text-decoration:none; position:relative; display:block; border-radius:8px; overflow:hidden;\">\n<img decoding=\"async\" src=\"https:\/\/360vista.fr\/fra\/la_baule\/baule_banner.jpg\" style=\"width:100%; height:180px; object-fit:cover;\">\n<div style=\"position:absolute; bottom:0; left:0; right:0; background:rgba(0,0,0,0.5); color:white; padding:10px; text-align:center; font-weight:bold;\">&#x1f681; Pano Drone<\/div>\n<\/a>\n\n<a href=\"https:\/\/360vista.fr\/wp3\/visite-virtuelle\/realisation\/\" style=\"text-decoration:none; position:relative; display:block; border-radius:8px; overflow:hidden; grid-column: 2;\">\n<img decoding=\"async\" src=\"https:\/\/www.360vista.fr\/pro\/rea_pro.jpg\" style=\"width:100%; height:180px; object-fit:cover;\">\n<\/a>\n\n<\/div>","protected":false},"excerpt":{"rendered":"<p>A vous de cliquer sur les POI afin de d\u00e9couvrir quelques visites virtuelles. A ce propos, qu&rsquo;est-ce qu&rsquo;une visite virtuelle?Voyons [&hellip;]<\/p>\n","protected":false},"author":1,"featured_media":0,"parent":0,"menu_order":0,"comment_status":"open","ping_status":"open","template":"","meta":{"site-sidebar-layout":"default","site-content-layout":"","ast-site-content-layout":"default","site-content-style":"default","site-sidebar-style":"default","ast-global-header-display":"","ast-banner-title-visibility":"","ast-main-header-display":"","ast-hfb-above-header-display":"","ast-hfb-below-header-display":"","ast-hfb-mobile-header-display":"","site-post-title":"","ast-breadcrumbs-content":"","ast-featured-img":"","footer-sml-layout":"","ast-disable-related-posts":"","theme-transparent-header-meta":"","adv-header-id-meta":"","stick-header-meta":"","header-above-stick-meta":"","header-main-stick-meta":"","header-below-stick-meta":"","astra-migrate-meta-layouts":"default","ast-page-background-enabled":"default","ast-page-background-meta":{"desktop":{"background-color":"var(--ast-global-color-5)","background-image":"","background-repeat":"repeat","background-position":"center center","background-size":"auto","background-attachment":"scroll","background-type":"","background-media":"","overlay-type":"","overlay-color":"","overlay-opacity":"","overlay-gradient":""},"tablet":{"background-color":"","background-image":"","background-repeat":"repeat","background-position":"center center","background-size":"auto","background-attachment":"scroll","background-type":"","background-media":"","overlay-type":"","overlay-color":"","overlay-opacity":"","overlay-gradient":""},"mobile":{"background-color":"","background-image":"","background-repeat":"repeat","background-position":"center center","background-size":"auto","background-attachment":"scroll","background-type":"","background-media":"","overlay-type":"","overlay-color":"","overlay-opacity":"","overlay-gradient":""}},"ast-content-background-meta":{"desktop":{"background-color":"var(--ast-global-color-4)","background-image":"","background-repeat":"repeat","background-position":"center center","background-size":"auto","background-attachment":"scroll","background-type":"","background-media":"","overlay-type":"","overlay-color":"","overlay-opacity":"","overlay-gradient":""},"tablet":{"background-color":"var(--ast-global-color-4)","background-image":"","background-repeat":"repeat","background-position":"center center","background-size":"auto","background-attachment":"scroll","background-type":"","background-media":"","overlay-type":"","overlay-color":"","overlay-opacity":"","overlay-gradient":""},"mobile":{"background-color":"var(--ast-global-color-4)","background-image":"","background-repeat":"repeat","background-position":"center center","background-size":"auto","background-attachment":"scroll","background-type":"","background-media":"","overlay-type":"","overlay-color":"","overlay-opacity":"","overlay-gradient":""}},"footnotes":""},"class_list":["post-64","page","type-page","status-publish","hentry"],"_links":{"self":[{"href":"https:\/\/360vista.fr\/wp3\/wp-json\/wp\/v2\/pages\/64","targetHints":{"allow":["GET"]}}],"collection":[{"href":"https:\/\/360vista.fr\/wp3\/wp-json\/wp\/v2\/pages"}],"about":[{"href":"https:\/\/360vista.fr\/wp3\/wp-json\/wp\/v2\/types\/page"}],"author":[{"embeddable":true,"href":"https:\/\/360vista.fr\/wp3\/wp-json\/wp\/v2\/users\/1"}],"replies":[{"embeddable":true,"href":"https:\/\/360vista.fr\/wp3\/wp-json\/wp\/v2\/comments?post=64"}],"version-history":[{"count":31,"href":"https:\/\/360vista.fr\/wp3\/wp-json\/wp\/v2\/pages\/64\/revisions"}],"predecessor-version":[{"id":3257,"href":"https:\/\/360vista.fr\/wp3\/wp-json\/wp\/v2\/pages\/64\/revisions\/3257"}],"wp:attachment":[{"href":"https:\/\/360vista.fr\/wp3\/wp-json\/wp\/v2\/media?parent=64"}],"curies":[{"name":"wp","href":"https:\/\/api.w.org\/{rel}","templated":true}]}}