{"id":748,"date":"2013-05-15T22:49:12","date_gmt":"2013-05-15T20:49:12","guid":{"rendered":"http:\/\/360vista.fr\/wp3\/?page_id=748"},"modified":"2020-02-20T16:26:35","modified_gmt":"2020-02-20T15:26:35","slug":"pont-de-pruniers","status":"publish","type":"page","link":"http:\/\/360vista.fr\/wp3\/visite-virtuelle\/france-angers\/pont-de-pruniers\/","title":{"rendered":"Pont de Pruniers"},"content":{"rendered":"<p style=\"text-align: center;\">\n<!-- PanoPress [1.3] -->\n<div class=\"pp-embed\" style=\"position:relative;\">\n<div id=\"pp_0\" style=\"width:750px; height:422px\"><img decoding=\"async\" src=\"http:\/\/www.360vista.fr\/fra\/pruniers\/pru_banner.jpg\" style=\"width:750px; height:422px\"\/><p><\/p><\/div>\n<script type=\"text\/javascript\">panopress.embed({\"id\":\"pp_0\",\"type\":\"html\",\"version\":\"4.0\",\"viewer\":null,\"width\":\"750px\",\"height\":\"422px\",\"title\":null,\"alt\":null,\"button\":true,\"panobox\":true,\"preview\":\"http:\\\/\\\/www.360vista.fr\\\/fra\\\/pruniers\\\/pru_banner.jpg\",\"file\":\"http:\\\/\\\/www.360vista.fr\\\/fra\\\/pruniers\\\/maine_prunier.html\",\"params\":{\"base\":\"http:\\\/\\\/www.360vista.fr\\\/fra\\\/pruniers\\\/\"}})<\/script>\n<noscript><div class=\"pp-error-msg\"><strong>Error<\/strong><br\/>Javascript not activated<\/div><\/noscript>\n<\/div>\n<!-- \/PanoPress -->\n<\/p>\n<p style=\"text-align: left;\">Ce que dit Wiki:<\/p>\n<p style=\"text-align: left;\"><em>Le <b>Pont de Pruniers<\/b> \u00e9galement appel\u00e9 le <b>pont du Petit Anjou<\/b> est un ouvraged&rsquo;art initialement ferroviaire, qui enjambe la rivi\u00e8re de la Maine \u00e0 Bouchemaine, en aval de la ville d&rsquo;Angers dans le Maine-et-Loire en France.<\/em><\/p>\n<p style=\"text-align: left;\">Source:&nbsp;<a href=\"https:\/\/fr.wikipedia.org\/wiki\/Pont_de_Pruniers_%28Bouchemaine%29\" target=\"_blank\" rel=\"noopener noreferrer\"><span style=\"color: #3366ff;\">https:\/\/fr.wikipedia.org\/wiki\/Pont_de_Pruniers_%28Bouchemaine%29<\/span><\/a><\/p>\n","protected":false},"excerpt":{"rendered":"<p>Ce que dit Wiki: Le Pont de Pruniers \u00e9galement appel\u00e9 le pont du Petit Anjou est un ouvraged&rsquo;art initialement ferroviaire, qui enjambe la rivi\u00e8re de la Maine \u00e0 Bouchemaine, en aval de la ville d&rsquo;Angers dans le Maine-et-Loire en France. Source:&nbsp;https:\/\/fr.wikipedia.org\/wiki\/Pont_de_Pruniers_%28Bouchemaine%29<\/p>\n","protected":false},"author":1,"featured_media":0,"parent":496,"menu_order":0,"comment_status":"open","ping_status":"open","template":"","meta":{"footnotes":""},"_links":{"self":[{"href":"http:\/\/360vista.fr\/wp3\/wp-json\/wp\/v2\/pages\/748"}],"collection":[{"href":"http:\/\/360vista.fr\/wp3\/wp-json\/wp\/v2\/pages"}],"about":[{"href":"http:\/\/360vista.fr\/wp3\/wp-json\/wp\/v2\/types\/page"}],"author":[{"embeddable":true,"href":"http:\/\/360vista.fr\/wp3\/wp-json\/wp\/v2\/users\/1"}],"replies":[{"embeddable":true,"href":"http:\/\/360vista.fr\/wp3\/wp-json\/wp\/v2\/comments?post=748"}],"version-history":[{"count":10,"href":"http:\/\/360vista.fr\/wp3\/wp-json\/wp\/v2\/pages\/748\/revisions"}],"predecessor-version":[{"id":2639,"href":"http:\/\/360vista.fr\/wp3\/wp-json\/wp\/v2\/pages\/748\/revisions\/2639"}],"up":[{"embeddable":true,"href":"http:\/\/360vista.fr\/wp3\/wp-json\/wp\/v2\/pages\/496"}],"wp:attachment":[{"href":"http:\/\/360vista.fr\/wp3\/wp-json\/wp\/v2\/media?parent=748"}],"curies":[{"name":"wp","href":"https:\/\/api.w.org\/{rel}","templated":true}]}}