{"id":570,"date":"2012-12-07T09:01:15","date_gmt":"2012-12-07T08:01:15","guid":{"rendered":"http:\/\/360vista.fr\/wp3\/?page_id=570"},"modified":"2014-05-10T21:59:21","modified_gmt":"2014-05-10T19:59:21","slug":"afrique-moyen-orient","status":"publish","type":"page","link":"http:\/\/360vista.fr\/wp3\/visite-virtuelle\/afrique-moyen-orient\/","title":{"rendered":"Afrique &#038; Moyen-Orient"},"content":{"rendered":"<p>tr\u00e8s peu de visites virtuelles \u00e0 ce jour.<\/p>\n<p>Ma seule &amp; unique exp\u00e9rience fut lors d&rsquo;une rotation \u00e0 Madagascar.<\/p>\n<p>Je vous laisse d\u00e9couvrir.<\/p>\n","protected":false},"excerpt":{"rendered":"<p>tr\u00e8s peu de visites virtuelles \u00e0 ce jour. Ma seule &amp; unique exp\u00e9rience fut lors d&rsquo;une rotation \u00e0 Madagascar. Je vous laisse d\u00e9couvrir.<\/p>\n","protected":false},"author":1,"featured_media":0,"parent":64,"menu_order":0,"comment_status":"closed","ping_status":"closed","template":"","meta":{"footnotes":""},"_links":{"self":[{"href":"http:\/\/360vista.fr\/wp3\/wp-json\/wp\/v2\/pages\/570"}],"collection":[{"href":"http:\/\/360vista.fr\/wp3\/wp-json\/wp\/v2\/pages"}],"about":[{"href":"http:\/\/360vista.fr\/wp3\/wp-json\/wp\/v2\/types\/page"}],"author":[{"embeddable":true,"href":"http:\/\/360vista.fr\/wp3\/wp-json\/wp\/v2\/users\/1"}],"replies":[{"embeddable":true,"href":"http:\/\/360vista.fr\/wp3\/wp-json\/wp\/v2\/comments?post=570"}],"version-history":[{"count":2,"href":"http:\/\/360vista.fr\/wp3\/wp-json\/wp\/v2\/pages\/570\/revisions"}],"predecessor-version":[{"id":572,"href":"http:\/\/360vista.fr\/wp3\/wp-json\/wp\/v2\/pages\/570\/revisions\/572"}],"up":[{"embeddable":true,"href":"http:\/\/360vista.fr\/wp3\/wp-json\/wp\/v2\/pages\/64"}],"wp:attachment":[{"href":"http:\/\/360vista.fr\/wp3\/wp-json\/wp\/v2\/media?parent=570"}],"curies":[{"name":"wp","href":"https:\/\/api.w.org\/{rel}","templated":true}]}}