{"id":177,"date":"2012-11-11T23:52:49","date_gmt":"2012-11-11T22:52:49","guid":{"rendered":"http:\/\/360vista.fr\/wp3\/?page_id=177"},"modified":"2012-11-12T00:47:45","modified_gmt":"2012-11-11T23:47:45","slug":"triathlon-dangers-2012","status":"publish","type":"page","link":"http:\/\/360vista.fr\/wp3\/reportages-photos\/triathlon-dangers-2012\/","title":{"rendered":"Triathlon d&rsquo;Angers 2012"},"content":{"rendered":"<p>5\u00e8me ann\u00e9e que l&rsquo;<a href=\"http:\/\/www.angers-asptt-triathlon.com\/\" target=\"_blank\">ASPTT Angers Triathlon<\/a> organise le Triathlon d&rsquo;Angers.<\/p>\n<p>Pour cette \u00e9dition, pas moins de 1200 participants support\u00e9s par 5000 spectateurs.<\/p>\n<p>Voici les 2 jours en photos:<\/p>\n<p><a href=\"http:\/\/360vista.fr\/wp3\/reportages-photos\/triathlon-dangers-2012\/samedi-21-juillet\/\"><img loading=\"lazy\" decoding=\"async\" class=\"alignnone size-medium wp-image-256\" title=\"IMG_6933\" src=\"http:\/\/360vista.fr\/wp3\/wp-content\/uploads\/2012\/11\/IMG_6933-300x203.jpg\" alt=\"\" width=\"300\" height=\"203\" srcset=\"http:\/\/360vista.fr\/wp3\/wp-content\/uploads\/2012\/11\/IMG_6933-300x203.jpg 300w, http:\/\/360vista.fr\/wp3\/wp-content\/uploads\/2012\/11\/IMG_6933-443x300.jpg 443w, http:\/\/360vista.fr\/wp3\/wp-content\/uploads\/2012\/11\/IMG_6933.jpg 1024w\" sizes=\"(max-width: 300px) 100vw, 300px\" \/><\/a><\/p>\n<p>et <a title=\"Triathlon d\u2019Angers\" href=\"http:\/\/360vista.fr\/wp3\/visite-virtuelle\/triathlon-dangers\/\">une visite virtuelle du village<\/a><\/p>\n","protected":false},"excerpt":{"rendered":"<p>5\u00e8me ann\u00e9e que l&rsquo;ASPTT Angers Triathlon organise le Triathlon d&rsquo;Angers. Pour cette \u00e9dition, pas moins de 1200 participants support\u00e9s par 5000 spectateurs. Voici les 2 jours en photos: et une visite virtuelle du village<\/p>\n","protected":false},"author":1,"featured_media":0,"parent":173,"menu_order":0,"comment_status":"open","ping_status":"open","template":"showcase.php","meta":{"footnotes":""},"_links":{"self":[{"href":"http:\/\/360vista.fr\/wp3\/wp-json\/wp\/v2\/pages\/177"}],"collection":[{"href":"http:\/\/360vista.fr\/wp3\/wp-json\/wp\/v2\/pages"}],"about":[{"href":"http:\/\/360vista.fr\/wp3\/wp-json\/wp\/v2\/types\/page"}],"author":[{"embeddable":true,"href":"http:\/\/360vista.fr\/wp3\/wp-json\/wp\/v2\/users\/1"}],"replies":[{"embeddable":true,"href":"http:\/\/360vista.fr\/wp3\/wp-json\/wp\/v2\/comments?post=177"}],"version-history":[{"count":20,"href":"http:\/\/360vista.fr\/wp3\/wp-json\/wp\/v2\/pages\/177\/revisions"}],"predecessor-version":[{"id":179,"href":"http:\/\/360vista.fr\/wp3\/wp-json\/wp\/v2\/pages\/177\/revisions\/179"}],"up":[{"embeddable":true,"href":"http:\/\/360vista.fr\/wp3\/wp-json\/wp\/v2\/pages\/173"}],"wp:attachment":[{"href":"http:\/\/360vista.fr\/wp3\/wp-json\/wp\/v2\/media?parent=177"}],"curies":[{"name":"wp","href":"https:\/\/api.w.org\/{rel}","templated":true}]}}