{"id":1591,"date":"2016-07-11T10:42:37","date_gmt":"2016-07-11T08:42:37","guid":{"rendered":"http:\/\/360vista.fr\/wp3\/?page_id=1591"},"modified":"2016-07-11T10:54:19","modified_gmt":"2016-07-11T08:54:19","slug":"angers-lac-de-maine","status":"publish","type":"page","link":"http:\/\/360vista.fr\/wp3\/visite-virtuelle\/france-angers\/angers-lac-de-maine\/","title":{"rendered":"Angers &#8211; Lac de Maine"},"content":{"rendered":"<p>A l&rsquo;entr\u00e9e d&rsquo;Angers lorsque vous arrivez de l&rsquo;ouest, ce lac, artificiel, borde la Maine. L&rsquo;endroit id\u00e9al pour courir, faire bien \u00e9videmment des sports nautiques (non motoris\u00e9s). C&rsquo;est aussi un lieu qui attirera les ornithologues!<\/p>\n<p style=\"text-align: center;\">\n<!-- PanoPress [1.3] -->\n<div class=\"pp-embed\" style=\"position:relative;\">\n<div id=\"pp_0\" style=\"width:750px; height:375px\"><img decoding=\"async\" src=\"http:\/\/www.360vista.fr\/angers\/lacmaine_banner.jpg\" style=\"width:750px; height:375px\"\/><p><\/p><\/div>\n<script type=\"text\/javascript\">panopress.embed({\"id\":\"pp_0\",\"type\":\"html\",\"version\":\"4.0\",\"viewer\":null,\"width\":\"750px\",\"height\":\"375px\",\"title\":null,\"alt\":null,\"button\":true,\"panobox\":true,\"preview\":\"http:\\\/\\\/www.360vista.fr\\\/angers\\\/lacmaine_banner.jpg\",\"file\":\"http:\\\/\\\/www.360vista.fr\\\/angers\\\/lacdemaine.html\",\"params\":{\"base\":\"http:\\\/\\\/www.360vista.fr\\\/angers\\\/\"}})<\/script>\n<noscript><div class=\"pp-error-msg\"><strong>Error<\/strong><br\/>Javascript not activated<\/div><\/noscript>\n<\/div>\n<!-- \/PanoPress -->\n<\/p>\n","protected":false},"excerpt":{"rendered":"<p>A l&rsquo;entr\u00e9e d&rsquo;Angers lorsque vous arrivez de l&rsquo;ouest, ce lac, artificiel, borde la Maine. L&rsquo;endroit id\u00e9al pour courir, faire bien \u00e9videmment des sports nautiques (non motoris\u00e9s). C&rsquo;est aussi un lieu qui attirera les ornithologues!<\/p>\n","protected":false},"author":1,"featured_media":0,"parent":496,"menu_order":0,"comment_status":"closed","ping_status":"closed","template":"","meta":{"footnotes":""},"_links":{"self":[{"href":"http:\/\/360vista.fr\/wp3\/wp-json\/wp\/v2\/pages\/1591"}],"collection":[{"href":"http:\/\/360vista.fr\/wp3\/wp-json\/wp\/v2\/pages"}],"about":[{"href":"http:\/\/360vista.fr\/wp3\/wp-json\/wp\/v2\/types\/page"}],"author":[{"embeddable":true,"href":"http:\/\/360vista.fr\/wp3\/wp-json\/wp\/v2\/users\/1"}],"replies":[{"embeddable":true,"href":"http:\/\/360vista.fr\/wp3\/wp-json\/wp\/v2\/comments?post=1591"}],"version-history":[{"count":3,"href":"http:\/\/360vista.fr\/wp3\/wp-json\/wp\/v2\/pages\/1591\/revisions"}],"predecessor-version":[{"id":1598,"href":"http:\/\/360vista.fr\/wp3\/wp-json\/wp\/v2\/pages\/1591\/revisions\/1598"}],"up":[{"embeddable":true,"href":"http:\/\/360vista.fr\/wp3\/wp-json\/wp\/v2\/pages\/496"}],"wp:attachment":[{"href":"http:\/\/360vista.fr\/wp3\/wp-json\/wp\/v2\/media?parent=1591"}],"curies":[{"name":"wp","href":"https:\/\/api.w.org\/{rel}","templated":true}]}}