{"id":1260,"date":"2015-01-05T00:14:06","date_gmt":"2015-01-04T23:14:06","guid":{"rendered":"http:\/\/360vista.fr\/wp3\/?page_id=1260"},"modified":"2015-01-05T00:16:16","modified_gmt":"2015-01-04T23:16:16","slug":"solid-water-france-49","status":"publish","type":"page","link":"http:\/\/360vista.fr\/wp3\/videos-timelapses\/solid-water-france-49\/","title":{"rendered":"solid Water"},"content":{"rendered":"<p>D\u00e9cembre 2014 &#8211; vid\u00e9o r\u00e9alis\u00e9e entre Angers &#038; Bouchemaine.<br \/>\nDrone DJI F550 &#8211; Zenmuse H3-3D et GoPro 3<\/p>\n<p><iframe loading=\"lazy\" width=\"640\" height=\"360\" src=\"\/\/www.youtube.com\/embed\/IGGToQ-xJnI?list=UU9nFn6eT3eZteToxJ4QOMOA\" frameborder=\"0\" allowfullscreen><\/iframe><\/p>\n","protected":false},"excerpt":{"rendered":"<p>D\u00e9cembre 2014 &#8211; vid\u00e9o r\u00e9alis\u00e9e entre Angers &#038; Bouchemaine. Drone DJI F550 &#8211; Zenmuse H3-3D et GoPro 3<\/p>\n","protected":false},"author":1,"featured_media":0,"parent":27,"menu_order":0,"comment_status":"open","ping_status":"open","template":"","meta":{"footnotes":""},"_links":{"self":[{"href":"http:\/\/360vista.fr\/wp3\/wp-json\/wp\/v2\/pages\/1260"}],"collection":[{"href":"http:\/\/360vista.fr\/wp3\/wp-json\/wp\/v2\/pages"}],"about":[{"href":"http:\/\/360vista.fr\/wp3\/wp-json\/wp\/v2\/types\/page"}],"author":[{"embeddable":true,"href":"http:\/\/360vista.fr\/wp3\/wp-json\/wp\/v2\/users\/1"}],"replies":[{"embeddable":true,"href":"http:\/\/360vista.fr\/wp3\/wp-json\/wp\/v2\/comments?post=1260"}],"version-history":[{"count":4,"href":"http:\/\/360vista.fr\/wp3\/wp-json\/wp\/v2\/pages\/1260\/revisions"}],"predecessor-version":[{"id":1264,"href":"http:\/\/360vista.fr\/wp3\/wp-json\/wp\/v2\/pages\/1260\/revisions\/1264"}],"up":[{"embeddable":true,"href":"http:\/\/360vista.fr\/wp3\/wp-json\/wp\/v2\/pages\/27"}],"wp:attachment":[{"href":"http:\/\/360vista.fr\/wp3\/wp-json\/wp\/v2\/media?parent=1260"}],"curies":[{"name":"wp","href":"https:\/\/api.w.org\/{rel}","templated":true}]}}