{"id":1018,"date":"2014-05-08T16:37:37","date_gmt":"2014-05-08T14:37:37","guid":{"rendered":"http:\/\/360vista.fr\/wp3\/?page_id=1018"},"modified":"2014-05-08T16:38:53","modified_gmt":"2014-05-08T14:38:53","slug":"buenos-aires","status":"publish","type":"page","link":"http:\/\/360vista.fr\/wp3\/visite-virtuelle\/ameriques\/buenos-aires\/","title":{"rendered":"Buenos Aires"},"content":{"rendered":"<p>La capitale de l&rsquo;Argentine vaut son coup d&rsquo;oeil &amp; les soir\u00e9es peuvent \u00eatre tr\u00e8s chaudes.<\/p>\n<p>Attention \u00e0 votre mat\u00e9riel photo. Je me suis fait braqu\u00e9 par deux minos qui souhaitaient se lancer dans la photo. L&rsquo;avantage de la prise de vues lorsque l&rsquo;on r\u00e9alise une visite virtuelle, c&rsquo;est que le tr\u00e9pied peut s&rsquo;av\u00e9rer \u00eatre un moyen de d\u00e9fense relativement dissuasif!<\/p>\n<p>&nbsp;<\/p>\n<p style=\"text-align: center;\">\n<!-- PanoPress [1.3] -->\n<div class=\"pp-embed\" style=\"position:relative;\">\n<div id=\"pp_0\" style=\"width:800px; height:400px\"><img decoding=\"async\" src=\"http:\/\/www.360vista.fr\/ame\/buenos_banner.jpg\" style=\"width:800px; height:400px\"\/><p><\/p><\/div>\n<script type=\"text\/javascript\">panopress.embed({\"id\":\"pp_0\",\"type\":\"html\",\"version\":\"4.0\",\"viewer\":null,\"width\":\"800px\",\"height\":\"400px\",\"title\":null,\"alt\":null,\"button\":true,\"panobox\":true,\"preview\":\"http:\\\/\\\/www.360vista.fr\\\/ame\\\/buenos_banner.jpg\",\"file\":\"http:\\\/\\\/www.360vista.fr\\\/ame\\\/buenos.html\",\"params\":{\"base\":\"http:\\\/\\\/www.360vista.fr\\\/ame\\\/\"}})<\/script>\n<noscript><div class=\"pp-error-msg\"><strong>Error<\/strong><br\/>Javascript not activated<\/div><\/noscript>\n<\/div>\n<!-- \/PanoPress -->\n<\/p>\n","protected":false},"excerpt":{"rendered":"<p>La capitale de l&rsquo;Argentine vaut son coup d&rsquo;oeil &amp; les soir\u00e9es peuvent \u00eatre tr\u00e8s chaudes. Attention \u00e0 votre mat\u00e9riel photo. Je me suis fait braqu\u00e9 par deux minos qui souhaitaient se lancer dans la photo. L&rsquo;avantage de la prise de vues lorsque l&rsquo;on r\u00e9alise une visite virtuelle, c&rsquo;est que le tr\u00e9pied peut s&rsquo;av\u00e9rer \u00eatre un [&hellip;]<\/p>\n","protected":false},"author":1,"featured_media":0,"parent":484,"menu_order":0,"comment_status":"open","ping_status":"open","template":"","meta":{"footnotes":""},"_links":{"self":[{"href":"http:\/\/360vista.fr\/wp3\/wp-json\/wp\/v2\/pages\/1018"}],"collection":[{"href":"http:\/\/360vista.fr\/wp3\/wp-json\/wp\/v2\/pages"}],"about":[{"href":"http:\/\/360vista.fr\/wp3\/wp-json\/wp\/v2\/types\/page"}],"author":[{"embeddable":true,"href":"http:\/\/360vista.fr\/wp3\/wp-json\/wp\/v2\/users\/1"}],"replies":[{"embeddable":true,"href":"http:\/\/360vista.fr\/wp3\/wp-json\/wp\/v2\/comments?post=1018"}],"version-history":[{"count":2,"href":"http:\/\/360vista.fr\/wp3\/wp-json\/wp\/v2\/pages\/1018\/revisions"}],"predecessor-version":[{"id":1021,"href":"http:\/\/360vista.fr\/wp3\/wp-json\/wp\/v2\/pages\/1018\/revisions\/1021"}],"up":[{"embeddable":true,"href":"http:\/\/360vista.fr\/wp3\/wp-json\/wp\/v2\/pages\/484"}],"wp:attachment":[{"href":"http:\/\/360vista.fr\/wp3\/wp-json\/wp\/v2\/media?parent=1018"}],"curies":[{"name":"wp","href":"https:\/\/api.w.org\/{rel}","templated":true}]}}