{"id":1012,"date":"2014-05-04T22:57:06","date_gmt":"2014-05-04T20:57:06","guid":{"rendered":"http:\/\/360vista.fr\/wp3\/?page_id=1012"},"modified":"2014-05-04T22:58:09","modified_gmt":"2014-05-04T20:58:09","slug":"washington","status":"publish","type":"page","link":"http:\/\/360vista.fr\/wp3\/visite-virtuelle\/ameriques\/washington\/","title":{"rendered":"Washington DC"},"content":{"rendered":"<p>Ville am\u00e9ricaine que j&rsquo;appr\u00e9cie vraiment, Washington regorge de monuments et mus\u00e9es qui sont, la plupart du temps gratuit!<br \/>\nComme pour <a href=\"http:\/\/360vista.fr\/wp3\/visite-virtuelle\/ameriques\/newyork\/\" title=\"New York\">New York<\/a>, je compl\u00e9terai au fur &#038; \u00e0 mesure cette visite de George \ud83d\ude09<\/p>\n<p><center><br \/>\n\n<!-- PanoPress [1.3] -->\n<div class=\"pp-embed\" style=\"position:relative;\">\n<div id=\"pp_0\" style=\"width:800px; height:400px\"><img decoding=\"async\" src=\"http:\/\/www.360vista.fr\/ame\/iad\/iad_banner.jpg\" style=\"width:800px; height:400px\"\/><p><\/p><\/div>\n<script type=\"text\/javascript\">panopress.embed({\"id\":\"pp_0\",\"type\":\"html\",\"version\":\"4.0\",\"viewer\":null,\"width\":\"800px\",\"height\":\"400px\",\"title\":null,\"alt\":null,\"button\":true,\"panobox\":true,\"preview\":\"http:\\\/\\\/www.360vista.fr\\\/ame\\\/iad\\\/iad_banner.jpg\",\"file\":\"http:\\\/\\\/www.360vista.fr\\\/ame\\\/iad\\\/iad.html\",\"params\":{\"base\":\"http:\\\/\\\/www.360vista.fr\\\/ame\\\/iad\\\/\"}})<\/script>\n<noscript><div class=\"pp-error-msg\"><strong>Error<\/strong><br\/>Javascript not activated<\/div><\/noscript>\n<\/div>\n<!-- \/PanoPress -->\n<br \/>\n<br \/><\/br><br \/>\n<\/center><\/p>\n","protected":false},"excerpt":{"rendered":"<p>Ville am\u00e9ricaine que j&rsquo;appr\u00e9cie vraiment, Washington regorge de monuments et mus\u00e9es qui sont, la plupart du temps gratuit! Comme pour New York, je compl\u00e9terai au fur &#038; \u00e0 mesure cette visite de George \ud83d\ude09<\/p>\n","protected":false},"author":1,"featured_media":0,"parent":484,"menu_order":0,"comment_status":"open","ping_status":"closed","template":"","meta":{"footnotes":""},"_links":{"self":[{"href":"http:\/\/360vista.fr\/wp3\/wp-json\/wp\/v2\/pages\/1012"}],"collection":[{"href":"http:\/\/360vista.fr\/wp3\/wp-json\/wp\/v2\/pages"}],"about":[{"href":"http:\/\/360vista.fr\/wp3\/wp-json\/wp\/v2\/types\/page"}],"author":[{"embeddable":true,"href":"http:\/\/360vista.fr\/wp3\/wp-json\/wp\/v2\/users\/1"}],"replies":[{"embeddable":true,"href":"http:\/\/360vista.fr\/wp3\/wp-json\/wp\/v2\/comments?post=1012"}],"version-history":[{"count":2,"href":"http:\/\/360vista.fr\/wp3\/wp-json\/wp\/v2\/pages\/1012\/revisions"}],"predecessor-version":[{"id":1016,"href":"http:\/\/360vista.fr\/wp3\/wp-json\/wp\/v2\/pages\/1012\/revisions\/1016"}],"up":[{"embeddable":true,"href":"http:\/\/360vista.fr\/wp3\/wp-json\/wp\/v2\/pages\/484"}],"wp:attachment":[{"href":"http:\/\/360vista.fr\/wp3\/wp-json\/wp\/v2\/media?parent=1012"}],"curies":[{"name":"wp","href":"https:\/\/api.w.org\/{rel}","templated":true}]}}